{"id":246,"date":"2016-03-23T18:23:42","date_gmt":"2016-03-23T18:23:42","guid":{"rendered":"http:\/\/lcentral.com.br\/site\/?page_id=246"},"modified":"2016-11-01T18:52:52","modified_gmt":"2016-11-01T18:52:52","slug":"biologia-molecular","status":"publish","type":"page","link":"http:\/\/lcentral.com.br\/site\/biologia-molecular\/","title":{"rendered":"Biologia Molecular"},"content":{"rendered":"<p><img loading=\"lazy\" decoding=\"async\" src=\"http:\/\/lcentral.com.br\/site\/wp-content\/uploads\/b-molecular-inter-1024x356.png\" alt=\"b-molecular-inter\" width=\"1024\" height=\"356\" class=\"alignnone size-large wp-image-283\" srcset=\"http:\/\/lcentral.com.br\/site\/wp-content\/uploads\/b-molecular-inter-1024x356.png 1024w, http:\/\/lcentral.com.br\/site\/wp-content\/uploads\/b-molecular-inter-300x104.png 300w, http:\/\/lcentral.com.br\/site\/wp-content\/uploads\/b-molecular-inter-768x267.png 768w, http:\/\/lcentral.com.br\/site\/wp-content\/uploads\/b-molecular-inter-520x181.png 520w, http:\/\/lcentral.com.br\/site\/wp-content\/uploads\/b-molecular-inter-740x258.png 740w, http:\/\/lcentral.com.br\/site\/wp-content\/uploads\/b-molecular-inter.png 1500w\" sizes=\"(max-width: 1024px) 100vw, 1024px\" \/><\/p>\n<li>\n<h3>Citomegalov\u00edrus &#8211; Detec\u00e7\u00e3o Viral<\/h3>\n<\/li>\n<li>\n<h3>Dengue &#8211; Detec\u00e7\u00e3o Viral e Genotipagem<\/h3>\n<\/li>\n<li>\n<h3>Fator V de leiden ( trombose)<\/h3>\n<\/li>\n<li>\n<h3>Hepatite B v\u00edrus HBV &#8211; Detec\u00e7\u00e3o viral, Qualitativo e Carga Viral<\/h3>\n<\/li>\n<li>\n<h3>Hepatite C v\u00edrus HCV &#8211; Detec\u00e7\u00e3o viral, Carga Viral e genotipagem<\/h3>\n<\/li>\n<li>\n<h3>Hepatite D &#8211; Detec\u00e7\u00e3o viral<\/h3>\n<\/li>\n<li>\n<h3>Hepatite E &#8211; Detec\u00e7\u00e3o viral<\/h3>\n<\/li>\n<p><a href=\"http:\/\/lcentral.com.br\/site\/nat\/\"><\/p>\n<li>\n<h3><strong>HBV, HCV, HIV, 1 e 2 &#8211; NAT &#8211; Clique e saiba mais<\/strong><\/h3>\n<\/li>\n<p><\/a><\/p>\n<li>\n<h3>HIV &#8211; Carga viral<\/h3>\n<\/li>\n<li>\n<h3>HIV1 &#8211; Qualitativo<\/h3>\n<\/li>\n<li>\n<h3>HIV2 &#8211; Qualitativo e Quantitativo<\/h3>\n<\/li>\n<li>\n<h3>Homociste\u00edna DNA MTHFR &#8211; Muta\u00e7\u00e3o A1298 C<\/h3>\n<\/li>\n<li>\n<h3>IL &#8211; 28B<\/h3>\n<\/li>\n<li>\n<h3>JAK 2 &#8211; Muta\u00e7\u00e3o<\/h3>\n<\/li>\n<li>\n<h3>Metilenotetarhidrofolato MTHFR &#8211; Muta\u00e7\u00e3o C677T<\/h3>\n<\/li>\n<li>\n<h3>Muta\u00e7\u00e3o A1298 C (MTHFR) Trombose<\/h3>\n<\/li>\n<li>\n<h3>Protombina Fato II &#8211; Muta\u00e7\u00e3o G20210A<\/h3>\n<\/li>\n<li>\n<h3>Zika V\u00edrus<\/h3>\n<\/li>\n","protected":false},"excerpt":{"rendered":"<p>Citomegalov\u00edrus &#8211; Detec\u00e7\u00e3o Viral Dengue &#8211; Detec\u00e7\u00e3o Viral e Genotipagem Fator V de leiden ( trombose) Hepatite B v\u00edrus HBV &#8211; Detec\u00e7\u00e3o viral, Qualitativo e Carga Viral Hepatite C v\u00edrus HCV &#8211; Detec\u00e7\u00e3o viral, Carga<a class=\"read-more\" href=\"http:\/\/lcentral.com.br\/site\/biologia-molecular\/\">Continue reading<\/a><\/p>\n","protected":false},"author":1,"featured_media":251,"parent":0,"menu_order":0,"comment_status":"closed","ping_status":"closed","template":"","meta":{"footnotes":""},"yoast_head":"<!-- This site is optimized with the Yoast SEO plugin v22.2 - https:\/\/yoast.com\/wordpress\/plugins\/seo\/ -->\n<title>Biologia Molecular - Liac - Central Sorol\u00f3gica<\/title>\n<meta name=\"robots\" content=\"index, follow, max-snippet:-1, max-image-preview:large, max-video-preview:-1\" \/>\n<link rel=\"canonical\" href=\"http:\/\/lcentral.com.br\/site\/biologia-molecular\/\" \/>\n<meta property=\"og:locale\" content=\"en_US\" \/>\n<meta property=\"og:type\" content=\"article\" \/>\n<meta property=\"og:title\" content=\"Biologia Molecular - Liac - Central Sorol\u00f3gica\" \/>\n<meta property=\"og:description\" content=\"Citomegalov\u00edrus &#8211; Detec\u00e7\u00e3o Viral Dengue &#8211; Detec\u00e7\u00e3o Viral e Genotipagem Fator V de leiden ( trombose) Hepatite B v\u00edrus HBV &#8211; Detec\u00e7\u00e3o viral, Qualitativo e Carga Viral Hepatite C v\u00edrus HCV &#8211; Detec\u00e7\u00e3o viral, CargaContinue reading\" \/>\n<meta property=\"og:url\" content=\"http:\/\/lcentral.com.br\/site\/biologia-molecular\/\" \/>\n<meta property=\"og:site_name\" content=\"Liac - Central Sorol\u00f3gica\" \/>\n<meta property=\"article:modified_time\" content=\"2016-11-01T18:52:52+00:00\" \/>\n<meta property=\"og:image\" content=\"http:\/\/lcentral.com.br\/site\/wp-content\/uploads\/biologia_p.png\" \/>\n\t<meta property=\"og:image:width\" content=\"300\" \/>\n\t<meta property=\"og:image:height\" content=\"210\" \/>\n\t<meta property=\"og:image:type\" content=\"image\/png\" \/>\n<meta name=\"twitter:card\" content=\"summary_large_image\" \/>\n<meta name=\"twitter:label1\" content=\"Est. reading time\" \/>\n\t<meta name=\"twitter:data1\" content=\"1 minute\" \/>\n<script type=\"application\/ld+json\" class=\"yoast-schema-graph\">{\"@context\":\"https:\/\/schema.org\",\"@graph\":[{\"@type\":\"WebPage\",\"@id\":\"http:\/\/lcentral.com.br\/site\/biologia-molecular\/\",\"url\":\"http:\/\/lcentral.com.br\/site\/biologia-molecular\/\",\"name\":\"Biologia Molecular - Liac - Central Sorol\u00f3gica\",\"isPartOf\":{\"@id\":\"https:\/\/lcentral.com.br\/site\/#website\"},\"primaryImageOfPage\":{\"@id\":\"http:\/\/lcentral.com.br\/site\/biologia-molecular\/#primaryimage\"},\"image\":{\"@id\":\"http:\/\/lcentral.com.br\/site\/biologia-molecular\/#primaryimage\"},\"thumbnailUrl\":\"http:\/\/lcentral.com.br\/site\/wp-content\/uploads\/biologia_p.png\",\"datePublished\":\"2016-03-23T18:23:42+00:00\",\"dateModified\":\"2016-11-01T18:52:52+00:00\",\"breadcrumb\":{\"@id\":\"http:\/\/lcentral.com.br\/site\/biologia-molecular\/#breadcrumb\"},\"inLanguage\":\"en-US\",\"potentialAction\":[{\"@type\":\"ReadAction\",\"target\":[\"http:\/\/lcentral.com.br\/site\/biologia-molecular\/\"]}]},{\"@type\":\"ImageObject\",\"inLanguage\":\"en-US\",\"@id\":\"http:\/\/lcentral.com.br\/site\/biologia-molecular\/#primaryimage\",\"url\":\"http:\/\/lcentral.com.br\/site\/wp-content\/uploads\/biologia_p.png\",\"contentUrl\":\"http:\/\/lcentral.com.br\/site\/wp-content\/uploads\/biologia_p.png\",\"width\":300,\"height\":210},{\"@type\":\"BreadcrumbList\",\"@id\":\"http:\/\/lcentral.com.br\/site\/biologia-molecular\/#breadcrumb\",\"itemListElement\":[{\"@type\":\"ListItem\",\"position\":1,\"name\":\"Home\",\"item\":\"https:\/\/lcentral.com.br\/site\/\"},{\"@type\":\"ListItem\",\"position\":2,\"name\":\"Biologia Molecular\"}]},{\"@type\":\"WebSite\",\"@id\":\"https:\/\/lcentral.com.br\/site\/#website\",\"url\":\"https:\/\/lcentral.com.br\/site\/\",\"name\":\"Liac - Central Sorol\u00f3gica\",\"description\":\"\",\"publisher\":{\"@id\":\"https:\/\/lcentral.com.br\/site\/#organization\"},\"potentialAction\":[{\"@type\":\"SearchAction\",\"target\":{\"@type\":\"EntryPoint\",\"urlTemplate\":\"https:\/\/lcentral.com.br\/site\/?s={search_term_string}\"},\"query-input\":\"required name=search_term_string\"}],\"inLanguage\":\"en-US\"},{\"@type\":\"Organization\",\"@id\":\"https:\/\/lcentral.com.br\/site\/#organization\",\"name\":\"Liac - Central Sorol\u00f3gica\",\"url\":\"https:\/\/lcentral.com.br\/site\/\",\"logo\":{\"@type\":\"ImageObject\",\"inLanguage\":\"en-US\",\"@id\":\"https:\/\/lcentral.com.br\/site\/#\/schema\/logo\/image\/\",\"url\":\"https:\/\/lcentral.com.br\/site\/wp-content\/uploads\/logo_liac_G.png\",\"contentUrl\":\"https:\/\/lcentral.com.br\/site\/wp-content\/uploads\/logo_liac_G.png\",\"width\":2116,\"height\":672,\"caption\":\"Liac - Central Sorol\u00f3gica\"},\"image\":{\"@id\":\"https:\/\/lcentral.com.br\/site\/#\/schema\/logo\/image\/\"}}]}<\/script>\n<!-- \/ Yoast SEO plugin. -->","yoast_head_json":{"title":"Biologia Molecular - Liac - Central Sorol\u00f3gica","robots":{"index":"index","follow":"follow","max-snippet":"max-snippet:-1","max-image-preview":"max-image-preview:large","max-video-preview":"max-video-preview:-1"},"canonical":"http:\/\/lcentral.com.br\/site\/biologia-molecular\/","og_locale":"en_US","og_type":"article","og_title":"Biologia Molecular - Liac - Central Sorol\u00f3gica","og_description":"Citomegalov\u00edrus &#8211; Detec\u00e7\u00e3o Viral Dengue &#8211; Detec\u00e7\u00e3o Viral e Genotipagem Fator V de leiden ( trombose) Hepatite B v\u00edrus HBV &#8211; Detec\u00e7\u00e3o viral, Qualitativo e Carga Viral Hepatite C v\u00edrus HCV &#8211; Detec\u00e7\u00e3o viral, CargaContinue reading","og_url":"http:\/\/lcentral.com.br\/site\/biologia-molecular\/","og_site_name":"Liac - Central Sorol\u00f3gica","article_modified_time":"2016-11-01T18:52:52+00:00","og_image":[{"width":300,"height":210,"url":"http:\/\/lcentral.com.br\/site\/wp-content\/uploads\/biologia_p.png","type":"image\/png"}],"twitter_card":"summary_large_image","twitter_misc":{"Est. reading time":"1 minute"},"schema":{"@context":"https:\/\/schema.org","@graph":[{"@type":"WebPage","@id":"http:\/\/lcentral.com.br\/site\/biologia-molecular\/","url":"http:\/\/lcentral.com.br\/site\/biologia-molecular\/","name":"Biologia Molecular - Liac - Central Sorol\u00f3gica","isPartOf":{"@id":"https:\/\/lcentral.com.br\/site\/#website"},"primaryImageOfPage":{"@id":"http:\/\/lcentral.com.br\/site\/biologia-molecular\/#primaryimage"},"image":{"@id":"http:\/\/lcentral.com.br\/site\/biologia-molecular\/#primaryimage"},"thumbnailUrl":"http:\/\/lcentral.com.br\/site\/wp-content\/uploads\/biologia_p.png","datePublished":"2016-03-23T18:23:42+00:00","dateModified":"2016-11-01T18:52:52+00:00","breadcrumb":{"@id":"http:\/\/lcentral.com.br\/site\/biologia-molecular\/#breadcrumb"},"inLanguage":"en-US","potentialAction":[{"@type":"ReadAction","target":["http:\/\/lcentral.com.br\/site\/biologia-molecular\/"]}]},{"@type":"ImageObject","inLanguage":"en-US","@id":"http:\/\/lcentral.com.br\/site\/biologia-molecular\/#primaryimage","url":"http:\/\/lcentral.com.br\/site\/wp-content\/uploads\/biologia_p.png","contentUrl":"http:\/\/lcentral.com.br\/site\/wp-content\/uploads\/biologia_p.png","width":300,"height":210},{"@type":"BreadcrumbList","@id":"http:\/\/lcentral.com.br\/site\/biologia-molecular\/#breadcrumb","itemListElement":[{"@type":"ListItem","position":1,"name":"Home","item":"https:\/\/lcentral.com.br\/site\/"},{"@type":"ListItem","position":2,"name":"Biologia Molecular"}]},{"@type":"WebSite","@id":"https:\/\/lcentral.com.br\/site\/#website","url":"https:\/\/lcentral.com.br\/site\/","name":"Liac - Central Sorol\u00f3gica","description":"","publisher":{"@id":"https:\/\/lcentral.com.br\/site\/#organization"},"potentialAction":[{"@type":"SearchAction","target":{"@type":"EntryPoint","urlTemplate":"https:\/\/lcentral.com.br\/site\/?s={search_term_string}"},"query-input":"required name=search_term_string"}],"inLanguage":"en-US"},{"@type":"Organization","@id":"https:\/\/lcentral.com.br\/site\/#organization","name":"Liac - Central Sorol\u00f3gica","url":"https:\/\/lcentral.com.br\/site\/","logo":{"@type":"ImageObject","inLanguage":"en-US","@id":"https:\/\/lcentral.com.br\/site\/#\/schema\/logo\/image\/","url":"https:\/\/lcentral.com.br\/site\/wp-content\/uploads\/logo_liac_G.png","contentUrl":"https:\/\/lcentral.com.br\/site\/wp-content\/uploads\/logo_liac_G.png","width":2116,"height":672,"caption":"Liac - Central Sorol\u00f3gica"},"image":{"@id":"https:\/\/lcentral.com.br\/site\/#\/schema\/logo\/image\/"}}]}},"_links":{"self":[{"href":"http:\/\/lcentral.com.br\/site\/wp-json\/wp\/v2\/pages\/246"}],"collection":[{"href":"http:\/\/lcentral.com.br\/site\/wp-json\/wp\/v2\/pages"}],"about":[{"href":"http:\/\/lcentral.com.br\/site\/wp-json\/wp\/v2\/types\/page"}],"author":[{"embeddable":true,"href":"http:\/\/lcentral.com.br\/site\/wp-json\/wp\/v2\/users\/1"}],"replies":[{"embeddable":true,"href":"http:\/\/lcentral.com.br\/site\/wp-json\/wp\/v2\/comments?post=246"}],"version-history":[{"count":12,"href":"http:\/\/lcentral.com.br\/site\/wp-json\/wp\/v2\/pages\/246\/revisions"}],"predecessor-version":[{"id":338,"href":"http:\/\/lcentral.com.br\/site\/wp-json\/wp\/v2\/pages\/246\/revisions\/338"}],"wp:featuredmedia":[{"embeddable":true,"href":"http:\/\/lcentral.com.br\/site\/wp-json\/wp\/v2\/media\/251"}],"wp:attachment":[{"href":"http:\/\/lcentral.com.br\/site\/wp-json\/wp\/v2\/media?parent=246"}],"curies":[{"name":"wp","href":"https:\/\/api.w.org\/{rel}","templated":true}]}}