{"id":307,"date":"2016-11-01T17:13:55","date_gmt":"2016-11-01T17:13:55","guid":{"rendered":"http:\/\/lcentral.com.br\/site\/?page_id=307"},"modified":"2024-03-05T02:33:00","modified_gmt":"2024-03-05T02:33:00","slug":"logistica","status":"publish","type":"page","link":"http:\/\/lcentral.com.br\/site\/logistica\/","title":{"rendered":"Log\u00edstica"},"content":{"rendered":"<h2>Nossa Log\u00edstica<\/h2>\n<p><img loading=\"lazy\" decoding=\"async\" class=\"alignnone size-full wp-image-309\" src=\"http:\/\/lcentral.com.br\/site\/wp-content\/uploads\/5_OEC_GROUP_global_logistics_performers.jpg\" alt=\"5_oec_group_global_logistics_performers\" width=\"711\" height=\"233\" srcset=\"http:\/\/lcentral.com.br\/site\/wp-content\/uploads\/5_OEC_GROUP_global_logistics_performers.jpg 711w, http:\/\/lcentral.com.br\/site\/wp-content\/uploads\/5_OEC_GROUP_global_logistics_performers-300x98.jpg 300w, http:\/\/lcentral.com.br\/site\/wp-content\/uploads\/5_OEC_GROUP_global_logistics_performers-520x170.jpg 520w\" sizes=\"(max-width: 711px) 100vw, 711px\" \/><\/p>\n<p>CAIXA DE TRANSPORTE &#8211; Exclusividade LIAC<\/p>\n<p>Atendendo as exig\u00eancias da ANVISA &#8211; ANAC e IATA o Liac desenvolveu<\/p>\n<p>as caixas de transporte com a mat\u00e9ria prima denominada pl\u00e1stico POLIONDAS.<\/p>\n<p>\u00c9 um produto forte, leve, flex\u00edvel, IMPERME\u00c1VEL, resistente<\/p>\n<p>a intemp\u00e9rie e a SUBST\u00c2NCIAS QU\u00cdMICAS. Ideal para aplica\u00e7\u00f5es onde seja imprescind\u00edvel usar um produto RESISTENTE e com boa apar\u00eancia.<\/p>\n<table>\n<tbody>\n<tr>\n<td><img loading=\"lazy\" decoding=\"async\" class=\"alignnone size-full wp-image-314\" src=\"http:\/\/lcentral.com.br\/site\/wp-content\/uploads\/logistica-caixa.jpg\" alt=\"logistica-caixa\" width=\"288\" height=\"164\" \/><\/td>\n<td><img loading=\"lazy\" decoding=\"async\" class=\"alignnone size-full wp-image-316\" src=\"http:\/\/lcentral.com.br\/site\/wp-content\/uploads\/logistica-selo-garantia.jpg\" alt=\"logistica-selo-garantia\" width=\"260\" height=\"179\" \/><\/td>\n<\/tr>\n<\/tbody>\n<\/table>\n<h2>Atendimento em todo o Territ\u00f3rio Nacional<\/h2>\n<p>&nbsp;<\/p>\n<p><img loading=\"lazy\" decoding=\"async\" class=\"alignnone size-full wp-image-389\" src=\"http:\/\/lcentral.com.br\/site\/wp-content\/uploads\/logistica_1.png\" alt=\"logistica_1\" width=\"797\" height=\"713\" srcset=\"http:\/\/lcentral.com.br\/site\/wp-content\/uploads\/logistica_1.png 797w, http:\/\/lcentral.com.br\/site\/wp-content\/uploads\/logistica_1-300x268.png 300w, http:\/\/lcentral.com.br\/site\/wp-content\/uploads\/logistica_1-768x687.png 768w, http:\/\/lcentral.com.br\/site\/wp-content\/uploads\/logistica_1-520x465.png 520w, http:\/\/lcentral.com.br\/site\/wp-content\/uploads\/logistica_1-740x662.png 740w\" sizes=\"(max-width: 797px) 100vw, 797px\" \/><\/p>\n","protected":false},"excerpt":{"rendered":"<p>Nossa Log\u00edstica CAIXA DE TRANSPORTE &#8211; Exclusividade LIAC Atendendo as exig\u00eancias da ANVISA &#8211; ANAC e IATA o Liac desenvolveu as caixas de transporte com a mat\u00e9ria prima denominada pl\u00e1stico POLIONDAS. \u00c9 um produto forte,<a class=\"read-more\" href=\"http:\/\/lcentral.com.br\/site\/logistica\/\">Continue reading<\/a><\/p>\n","protected":false},"author":1,"featured_media":309,"parent":0,"menu_order":0,"comment_status":"closed","ping_status":"closed","template":"","meta":{"footnotes":""},"yoast_head":"<!-- This site is optimized with the Yoast SEO plugin v22.2 - https:\/\/yoast.com\/wordpress\/plugins\/seo\/ -->\n<title>Log\u00edstica - Liac - Central Sorol\u00f3gica<\/title>\n<meta name=\"robots\" content=\"index, follow, max-snippet:-1, max-image-preview:large, max-video-preview:-1\" \/>\n<link rel=\"canonical\" href=\"http:\/\/lcentral.com.br\/site\/logistica\/\" \/>\n<meta property=\"og:locale\" content=\"en_US\" \/>\n<meta property=\"og:type\" content=\"article\" \/>\n<meta property=\"og:title\" content=\"Log\u00edstica - Liac - Central Sorol\u00f3gica\" \/>\n<meta property=\"og:description\" content=\"Nossa Log\u00edstica CAIXA DE TRANSPORTE &#8211; Exclusividade LIAC Atendendo as exig\u00eancias da ANVISA &#8211; ANAC e IATA o Liac desenvolveu as caixas de transporte com a mat\u00e9ria prima denominada pl\u00e1stico POLIONDAS. \u00c9 um produto forte,Continue reading\" \/>\n<meta property=\"og:url\" content=\"http:\/\/lcentral.com.br\/site\/logistica\/\" \/>\n<meta property=\"og:site_name\" content=\"Liac - Central Sorol\u00f3gica\" \/>\n<meta property=\"article:modified_time\" content=\"2024-03-05T02:33:00+00:00\" \/>\n<meta property=\"og:image\" content=\"http:\/\/lcentral.com.br\/site\/wp-content\/uploads\/5_OEC_GROUP_global_logistics_performers.jpg\" \/>\n\t<meta property=\"og:image:width\" content=\"711\" \/>\n\t<meta property=\"og:image:height\" content=\"233\" \/>\n\t<meta property=\"og:image:type\" content=\"image\/jpeg\" \/>\n<meta name=\"twitter:card\" content=\"summary_large_image\" \/>\n<script type=\"application\/ld+json\" class=\"yoast-schema-graph\">{\"@context\":\"https:\/\/schema.org\",\"@graph\":[{\"@type\":\"WebPage\",\"@id\":\"http:\/\/lcentral.com.br\/site\/logistica\/\",\"url\":\"http:\/\/lcentral.com.br\/site\/logistica\/\",\"name\":\"Log\u00edstica - Liac - Central Sorol\u00f3gica\",\"isPartOf\":{\"@id\":\"https:\/\/lcentral.com.br\/site\/#website\"},\"primaryImageOfPage\":{\"@id\":\"http:\/\/lcentral.com.br\/site\/logistica\/#primaryimage\"},\"image\":{\"@id\":\"http:\/\/lcentral.com.br\/site\/logistica\/#primaryimage\"},\"thumbnailUrl\":\"http:\/\/lcentral.com.br\/site\/wp-content\/uploads\/5_OEC_GROUP_global_logistics_performers.jpg\",\"datePublished\":\"2016-11-01T17:13:55+00:00\",\"dateModified\":\"2024-03-05T02:33:00+00:00\",\"breadcrumb\":{\"@id\":\"http:\/\/lcentral.com.br\/site\/logistica\/#breadcrumb\"},\"inLanguage\":\"en-US\",\"potentialAction\":[{\"@type\":\"ReadAction\",\"target\":[\"http:\/\/lcentral.com.br\/site\/logistica\/\"]}]},{\"@type\":\"ImageObject\",\"inLanguage\":\"en-US\",\"@id\":\"http:\/\/lcentral.com.br\/site\/logistica\/#primaryimage\",\"url\":\"http:\/\/lcentral.com.br\/site\/wp-content\/uploads\/5_OEC_GROUP_global_logistics_performers.jpg\",\"contentUrl\":\"http:\/\/lcentral.com.br\/site\/wp-content\/uploads\/5_OEC_GROUP_global_logistics_performers.jpg\",\"width\":711,\"height\":233},{\"@type\":\"BreadcrumbList\",\"@id\":\"http:\/\/lcentral.com.br\/site\/logistica\/#breadcrumb\",\"itemListElement\":[{\"@type\":\"ListItem\",\"position\":1,\"name\":\"Home\",\"item\":\"https:\/\/lcentral.com.br\/site\/\"},{\"@type\":\"ListItem\",\"position\":2,\"name\":\"Log\u00edstica\"}]},{\"@type\":\"WebSite\",\"@id\":\"https:\/\/lcentral.com.br\/site\/#website\",\"url\":\"https:\/\/lcentral.com.br\/site\/\",\"name\":\"Liac - Central Sorol\u00f3gica\",\"description\":\"\",\"publisher\":{\"@id\":\"https:\/\/lcentral.com.br\/site\/#organization\"},\"potentialAction\":[{\"@type\":\"SearchAction\",\"target\":{\"@type\":\"EntryPoint\",\"urlTemplate\":\"https:\/\/lcentral.com.br\/site\/?s={search_term_string}\"},\"query-input\":\"required name=search_term_string\"}],\"inLanguage\":\"en-US\"},{\"@type\":\"Organization\",\"@id\":\"https:\/\/lcentral.com.br\/site\/#organization\",\"name\":\"Liac - Central Sorol\u00f3gica\",\"url\":\"https:\/\/lcentral.com.br\/site\/\",\"logo\":{\"@type\":\"ImageObject\",\"inLanguage\":\"en-US\",\"@id\":\"https:\/\/lcentral.com.br\/site\/#\/schema\/logo\/image\/\",\"url\":\"https:\/\/lcentral.com.br\/site\/wp-content\/uploads\/logo_liac_G.png\",\"contentUrl\":\"https:\/\/lcentral.com.br\/site\/wp-content\/uploads\/logo_liac_G.png\",\"width\":2116,\"height\":672,\"caption\":\"Liac - Central Sorol\u00f3gica\"},\"image\":{\"@id\":\"https:\/\/lcentral.com.br\/site\/#\/schema\/logo\/image\/\"}}]}<\/script>\n<!-- \/ Yoast SEO plugin. -->","yoast_head_json":{"title":"Log\u00edstica - Liac - Central Sorol\u00f3gica","robots":{"index":"index","follow":"follow","max-snippet":"max-snippet:-1","max-image-preview":"max-image-preview:large","max-video-preview":"max-video-preview:-1"},"canonical":"http:\/\/lcentral.com.br\/site\/logistica\/","og_locale":"en_US","og_type":"article","og_title":"Log\u00edstica - Liac - Central Sorol\u00f3gica","og_description":"Nossa Log\u00edstica CAIXA DE TRANSPORTE &#8211; Exclusividade LIAC Atendendo as exig\u00eancias da ANVISA &#8211; ANAC e IATA o Liac desenvolveu as caixas de transporte com a mat\u00e9ria prima denominada pl\u00e1stico POLIONDAS. \u00c9 um produto forte,Continue reading","og_url":"http:\/\/lcentral.com.br\/site\/logistica\/","og_site_name":"Liac - Central Sorol\u00f3gica","article_modified_time":"2024-03-05T02:33:00+00:00","og_image":[{"width":711,"height":233,"url":"http:\/\/lcentral.com.br\/site\/wp-content\/uploads\/5_OEC_GROUP_global_logistics_performers.jpg","type":"image\/jpeg"}],"twitter_card":"summary_large_image","schema":{"@context":"https:\/\/schema.org","@graph":[{"@type":"WebPage","@id":"http:\/\/lcentral.com.br\/site\/logistica\/","url":"http:\/\/lcentral.com.br\/site\/logistica\/","name":"Log\u00edstica - Liac - Central Sorol\u00f3gica","isPartOf":{"@id":"https:\/\/lcentral.com.br\/site\/#website"},"primaryImageOfPage":{"@id":"http:\/\/lcentral.com.br\/site\/logistica\/#primaryimage"},"image":{"@id":"http:\/\/lcentral.com.br\/site\/logistica\/#primaryimage"},"thumbnailUrl":"http:\/\/lcentral.com.br\/site\/wp-content\/uploads\/5_OEC_GROUP_global_logistics_performers.jpg","datePublished":"2016-11-01T17:13:55+00:00","dateModified":"2024-03-05T02:33:00+00:00","breadcrumb":{"@id":"http:\/\/lcentral.com.br\/site\/logistica\/#breadcrumb"},"inLanguage":"en-US","potentialAction":[{"@type":"ReadAction","target":["http:\/\/lcentral.com.br\/site\/logistica\/"]}]},{"@type":"ImageObject","inLanguage":"en-US","@id":"http:\/\/lcentral.com.br\/site\/logistica\/#primaryimage","url":"http:\/\/lcentral.com.br\/site\/wp-content\/uploads\/5_OEC_GROUP_global_logistics_performers.jpg","contentUrl":"http:\/\/lcentral.com.br\/site\/wp-content\/uploads\/5_OEC_GROUP_global_logistics_performers.jpg","width":711,"height":233},{"@type":"BreadcrumbList","@id":"http:\/\/lcentral.com.br\/site\/logistica\/#breadcrumb","itemListElement":[{"@type":"ListItem","position":1,"name":"Home","item":"https:\/\/lcentral.com.br\/site\/"},{"@type":"ListItem","position":2,"name":"Log\u00edstica"}]},{"@type":"WebSite","@id":"https:\/\/lcentral.com.br\/site\/#website","url":"https:\/\/lcentral.com.br\/site\/","name":"Liac - Central Sorol\u00f3gica","description":"","publisher":{"@id":"https:\/\/lcentral.com.br\/site\/#organization"},"potentialAction":[{"@type":"SearchAction","target":{"@type":"EntryPoint","urlTemplate":"https:\/\/lcentral.com.br\/site\/?s={search_term_string}"},"query-input":"required name=search_term_string"}],"inLanguage":"en-US"},{"@type":"Organization","@id":"https:\/\/lcentral.com.br\/site\/#organization","name":"Liac - Central Sorol\u00f3gica","url":"https:\/\/lcentral.com.br\/site\/","logo":{"@type":"ImageObject","inLanguage":"en-US","@id":"https:\/\/lcentral.com.br\/site\/#\/schema\/logo\/image\/","url":"https:\/\/lcentral.com.br\/site\/wp-content\/uploads\/logo_liac_G.png","contentUrl":"https:\/\/lcentral.com.br\/site\/wp-content\/uploads\/logo_liac_G.png","width":2116,"height":672,"caption":"Liac - Central Sorol\u00f3gica"},"image":{"@id":"https:\/\/lcentral.com.br\/site\/#\/schema\/logo\/image\/"}}]}},"_links":{"self":[{"href":"http:\/\/lcentral.com.br\/site\/wp-json\/wp\/v2\/pages\/307"}],"collection":[{"href":"http:\/\/lcentral.com.br\/site\/wp-json\/wp\/v2\/pages"}],"about":[{"href":"http:\/\/lcentral.com.br\/site\/wp-json\/wp\/v2\/types\/page"}],"author":[{"embeddable":true,"href":"http:\/\/lcentral.com.br\/site\/wp-json\/wp\/v2\/users\/1"}],"replies":[{"embeddable":true,"href":"http:\/\/lcentral.com.br\/site\/wp-json\/wp\/v2\/comments?post=307"}],"version-history":[{"count":12,"href":"http:\/\/lcentral.com.br\/site\/wp-json\/wp\/v2\/pages\/307\/revisions"}],"predecessor-version":[{"id":390,"href":"http:\/\/lcentral.com.br\/site\/wp-json\/wp\/v2\/pages\/307\/revisions\/390"}],"wp:featuredmedia":[{"embeddable":true,"href":"http:\/\/lcentral.com.br\/site\/wp-json\/wp\/v2\/media\/309"}],"wp:attachment":[{"href":"http:\/\/lcentral.com.br\/site\/wp-json\/wp\/v2\/media?parent=307"}],"curies":[{"name":"wp","href":"https:\/\/api.w.org\/{rel}","templated":true}]}}